of 39 and q?
13
Let p = -15 + 21. Suppose 1144 = p*a + 286. Let j = 13 - 0. What is the highest common divisor of a and j?
13
Let t(b) = 163 + 4*b**2 - 118 - 10*b - 85. Let o be t(-3). Calculate the greatest common divisor of o and 4.
2
Let n be 900/230 - 6/(-69). Suppose -200 = -5*w - 5*t, -n*t = w - 0*t - 28. What is the greatest common divisor of w and 33?
11
Suppose 6*s + 210 = -0*s. Let k = s - -84. Suppose -2*x - 2*c = -14, -4*c = -4*x - c + k. Calculate the highest common factor of x and 40.
10
Suppose d = 95 - 90. Suppose -d*z = -u - 50, -30 = -3*z - 2*z - 3*u. Let k = z + 1. What is the greatest common factor of 6 and k?
2
Let n be 16/(-18) - 9292/(-207). Let f be (0 - -1) + 26/2. Suppose -n - f = -2*b. Calculate the greatest common divisor of b and 145.
29
Let q = 21976 - 20680. Calculate the greatest common divisor of 702 and q.
54
Suppose 1375 = 5*n - 3*t, -t = -5*n - 44 + 1429. Suppose 4*b = -0*b - 3*x + n, -2*b = -x - 134. What is the highest common factor of b and 34?
34
Suppose 327 = -22*y + 1559. Calculate the highest common factor of y and 294.
14
Let f(r) = -r**3 - 37*r**2 + 106*r + 7. Let n be f(-40). Calculate the greatest common factor of n and 42.
21
Let j(k) = k + 13. Let u be j(15). Let g = 1575 - 1512. Calculate the greatest common factor of u and g.
7
Let u = 431 + -261. Suppose -f = 26*f - 621. Suppose -167 = -19*j + f. Calculate the highest common divisor of j and u.
10
Let k = -126 - -52. Let g = k + 107. Calculate the greatest common factor of 22 and g.
11
Let u = -13643 + 23716. Calculate the highest common divisor of 7 and u.
7
Let u be (6/(-2))/(-1 - -2) - -5. Suppose 8 = 5*i - u. Let z(t) = 28*t**2 + 3*t + 2. Let w be z(i). Calculate the highest common factor of w and 12.
12
Let v = -553 - -1029. Calculate the greatest common divisor of v and 70.
14
Let h(s) = 5 - 1 - 2*s**2 + s**2 - 10*s. Let r be h(-6). Let m be 3/(-9)*-6 + (-24)/28*-7. What is the greatest common factor of m and r?
4
Let b = -4600 + 5530. Calculate the greatest common factor of b and 3534.
186
Suppose 7517 + 2291 - 624 = 16*r. Calculate the greatest common factor of 4305 and r.
287
Let m be 1362/38 - 57/(-361). Calculate the greatest common divisor of 4302 and m.
18
Suppose 0 = -2067*u + 2052*u + 660. What is the greatest common divisor of u and 108?
4
Suppose -2*b + 5*h - 53 = -4*b, -3*b + 3*h = -111. Let c be (-24)/(-204) + 12236/b. Calculate the greatest common divisor of 90 and c.
90
Suppose 647*o + 226 = 648*o + 2*n, 3*o = 5*n + 623. Calculate the highest common divisor of o and 1566.
54
Suppose 4*r = -4*b - 888, -3*r - 356 = -5*b + 326. Suppose -6*w - 133 = 413. Let t = w - r. What is the greatest common factor of 19 and t?
19
Let g = 85 - 105. Let m = 39 + g. Suppose -4*z = -107 + m. Calculate the highest common divisor of z and 77.
11
Suppose 27*u - 7000 = -493. Let v = u + -202. Calculate the greatest common factor of 429 and v.
39
Let q(c) = -16*c**3 - c**2 - 14*c - 39. Let j be q(-3). What is the greatest common divisor of 18 and j?
6
Suppose 0 = -2*c + c + 2. Suppose c*b = -9*i + 4*i + 7, i - 4 = -3*b. Let q be (-24 - -23)/(b/(-175)). What is the greatest common factor of 70 and q?
35
Let r be (-88)/32 + ((-63954)/(-136))/19. Suppose 275 = 3*k + 2*k. What is the highest common divisor of k and r?
11
Let p(z) = -204*z - 157. Let c be p(-6). Suppose -10*q - c = -1757. Calculate the highest common factor of 138 and q.
69
Suppose 43 = 14*o - 111. Suppose p + 810 = o*p. What is the greatest common factor of 54 and p?
27
Suppose 16 = -49*t + 53*t. Suppose -840 = -t*y - 10*y. Calculate the greatest common factor of 12 and y.
12
Suppose -4*n - 2*c - 284 = 160, 0 = 4*n - c + 432. Let j = -113 - n. Let d be (-10 + 4 - j) + 79. What is the highest common factor of 33 and d?
11
Let m be (7/3)/(5*(-9)/(-135)). Suppose m*x + 12*x = 228. Calculate the greatest common factor of 12 and x.
12
Suppose 4*c = 36, -5*c + 24 = -4*h + 139. Calculate the greatest common divisor of 39640 and h.
40
Suppose -271 = -x + 3*s, 0 = -2*x + 46*s - 50*s + 492. Calculate the greatest common divisor of 9408 and x.
64
Suppose -17*u + 19 = -542. Let v be (-762)/(-18) + 2/(-6). Let p = v + -20. Calculate the highest common factor of p and u.
11
Let v = -19399 + 24542. Calculate the greatest common factor of v and 185.
37
Suppose 58*g + 26 = 84*g. Let l be 256575/675 + g/(-9). What is the greatest common factor of l and 95?
95
Suppose 0 = -c + 4*t + 60, 21*c - 27*c + 360 = 3*t. Calculate the greatest common divisor of 16890 and c.
30
Let t = 5734 + -5554. What is the greatest common divisor of t and 100?
20
Let k be 0 - (-4)/22 - 410*124/(-1705). Let o = 2 - -8. Calculate the greatest common factor of o and k.
10
Let x be (-5 - (-2147)/(-2))*((-339)/9 + 15). Calculate the highest common factor of x and 34.
34
Let b(l) = l**3 - 13*l**2 + 2*l + 6. Let d = 38 + -25. Let m be b(d). Let o = -459 + 683. What is the greatest common factor of o and m?
32
Suppose -1042*g + 47821 = -1013*g. Calculate the greatest common factor of g and 85.
17
Let v be (6 - 35) + 56 - -25. Let s(z) = 21*z - 3. Let f be s(2). What is the highest common factor of v and f?
13
Let o(n) = 22*n - 210. Let c be o(19). Let y(p) = -19*p - 94. Let k be y(-7). Calculate the highest common factor of k and c.
13
Let b(v) = -v**2 - 8*v - 3. Let q be b(-5). Let i(o) = 4*o - 10. Let x be i(q). Let a = -408 - -446. What is the greatest common factor of a and x?
38
Let m(k) = k**2 + k - 4. Let o be m(3). Let z be (-1322)/(-15) - 32/240. What is the greatest common divisor of z and o?
8
Let z be (-16888)/(-96) + ((-20)/(-48))/5. Let a be 88/2*1/1. Calculate the highest common divisor of z and a.
44
Let w(d) = -25*d - 280. Let o be w(-21). What is the greatest common factor of 280 and o?
35
Suppose -x - 5 = -3*u, 5*u - 3 = 4*x - 4. Suppose 15 - u = 3*i. Let s be i/20 - 9/(-5). What is the highest common factor of s and 6?
2
Let v(b) be the third derivative of b**4/6 + b**3/2 - 3*b**2. Let u be v(3). Suppose 0 = 35*g - 42*g + 315. Calculate the greatest common divisor of g and u.
15
Suppose -2*c - 3*n = 7, 2*c + c - 22 = 2*n. Let u(g) = 18*g**3 + 2*g. Let j be u(2). Calculate the highest common factor of c and j.
4
Let i(w) = -7*w - 5 + 5*w**2 + 4 + 0 - 1. Let o be i(2). Suppose -2*t - 11 = -2*f + 1, 18 = 2*f - o*t. What is the greatest common factor of f and 33?
3
Let f(q) = -9*q + 100. Let p be f(12). Let r(b) = -2*b**3 - 16*b**2 - 11*b - 23. Let t be r(p). What is the greatest common factor of t and 60?
5
Suppose -1539 = 14*b - 13. Let f = b + 111. Suppose f*h = -2*h + 152. Calculate the greatest common divisor of h and 95.
19
Let q(w) = -36*w**3 + w**2 + w + 4. Let d = -27 - -25. Let n be q(d). Let i = n + -151. What is the highest common divisor of 13 and i?
13
Let g(d) = d**2 + 122*d + 18. Let z be g(0). Let t be (-8 - -7) + (344 - 1). What is the greatest common divisor of t and z?
18
Let v(x) be the first derivative of 15*x**4 - 2*x**2 + 4*x - 47. Let z be v(1). Calculate the highest common factor of 15 and z.
15
Let g(x) be the first derivative of x**2 - 7*x - 41. Let p be g(11). Calculate the greatest common factor of p and 150.
15
Let i(n) = -2*n + 20. Let q be i(9). Suppose -q*o = -39 + 9. Let d = 45 + o. Calculate the greatest common factor of 24 and d.
12
Let t be (-4 - 46)/(-5) - 4. Suppose -224 = -t*a - a. What is the greatest common divisor of a and 96?
32
Let a(f) = 24*f - 198. Let w be a(9). Let m be (-6)/27 + 2704/w. What is the highest common divisor of 250 and m?
50
Let l be (31 - 928/32) + (-502)/(-2). What is the greatest common factor of 671 and l?
11
Let m(f) = 281*f**2 - 32*f + 23. Let v be m(2). Calculate the highest common divisor of v and 1311.
57
Let t = 511 + -506. Suppose -4*q + 39 = t*o - 2*o, 5*q + 4*o = 49. Let n(p) = -62*p + 1. Let j be n(-1). What is the greatest common factor of q and j?
9
Let l be 1625/26 - 2/4. Let o = 62 - l. Suppose 3*z + 1 - 4 = o. What is the highest common divisor of 8 and z?
1
Let m be (-2)/(-4) + 44/8. Suppose -y = -4*l + m - 7, 88 = 4*y + 5*l. Calculate the greatest common factor of y and 68.
17
Let c(d) = 8*d - d**2 + 0*d**2 + 1 + 2*d**2. Let r be c(-10). Suppose 921 = 4*h - w + 331, 5*h = -5*w + 725. Calculate the greatest common factor of r an